{"id":10,"date":"2025-05-16T12:11:38","date_gmt":"2025-05-16T12:11:38","guid":{"rendered":"https:\/\/remonttiriita.fi\/5\/?page_id=10"},"modified":"2025-10-16T07:28:59","modified_gmt":"2025-10-16T07:28:59","slug":"kuluttajapalvelut","status":"publish","type":"page","link":"https:\/\/remonttiriita.fi\/5\/","title":{"rendered":"Kuluttajapalvelut"},"content":{"rendered":"<div id=\"cs-content\" class=\"cs-content\"><div class=\"x-section e10-e1 ma-0 ma-1 ma-2\" id=\"banneri\"><div class=\"x-bg\"><div class=\"x-bg-layer-lower-img\" data-x-element-bg-layer=\"{&quot;parallaxSize&quot;:&quot;150%&quot;,&quot;parallaxDir&quot;:&quot;v&quot;,&quot;parallaxRev&quot;:false}\"><img decoding=\"async\" src=\"https:\/\/remonttiriita.fi\/5\/wp-content\/uploads\/2025\/08\/a-team-taking-a-break-during-a-home-renovation-pro-2025-04-04-05-00-41-utc2.jpg\" alt=\"Remonttiryhm\u00e4 pit\u00e4m\u00e4ss\u00e4 taukoa remontoimassaan huoneessa\"\/><\/div><div class=\"x-bg-layer-upper-color\" aria-hidden=\"true\"><\/div><\/div><div class=\"x-row x-container max width e10-e2 ma-8 ma-9 ma-a ma-b ma-c ma-j ma-k\"><div class=\"x-row-inner\"><div class=\"x-col e10-e3 ma-t ma-u\"><div class=\"x-text x-text-headline e10-e4 ma-10 ma-11 ma-12 ma-13 ylaotsikko\"><div class=\"x-text-content\"><div class=\"x-text-content-text\"><h1 class=\"x-text-content-text-primary\">Miten <span style=\"color: var(--yksityis);\">ratkaista<\/span> remontissa ilmenneet ongelmat ja erimielisyydet?<\/h1>\n<\/div><\/div><\/div><div class=\"x-text x-content e10-e5 ma-18 ma-19 ma-1a ma-1b leipa\"><p>Remontti on usein suuri investointi &ndash; ja samalla iso luottamuksen osoitus urakoitsijalle. Kun kaikki sujuu suunnitelmien mukaan, lopputulos on palkitseva. Mutta jos matkan varrella ilmenee viiv&auml;styksi&auml;, virheit&auml; tai kustannusten ylityksi&auml;, tilanne voi muuttua nopeasti stressaavaksi ja kalliiksi.<\/p>\n<p>Jotta p&auml;&auml;st&auml;&auml;n ongelmatilanteessa eteenp&auml;in, on t&auml;rke&auml;&auml; toimia ajoissa, jotta oikeutesi tulee turvattua.<\/p>\n<p>Lue lis&auml;&auml; aiheesta t&auml;st&auml; artikkelista.<\/p><\/div><\/div><\/div><\/div><\/div><div class=\"x-section e10-e6 ma-0 ma-3 ma-4\" id=\"alku\"><div class=\"x-row x-container max width e10-e7 ma-8 ma-9 ma-a ma-b ma-d ma-e ma-l ma-m\"><div class=\"x-row-inner\"><div class=\"x-col e10-e8 ma-t\"><div class=\"x-text x-text-headline e10-e9 ma-10 ma-11 ma-13 ma-14 alaotsikko\"><div class=\"x-text-content\"><div class=\"x-text-content-text\"><h1 class=\"x-text-content-text-primary\">Yleisimm&auml;t ongelmat remontin aikana<\/h1>\n<\/div><\/div><\/div><div class=\"x-text x-content e10-e10 ma-18 ma-19 ma-1c ma-1d leipa\"><p>Remonttien yhteydess\u00e4 esiintyvi\u00e4 erimielisyyksi\u00e4 voivat olla esimerkiksi:<\/p>\n\n<ul>\n \t<li><strong>Ty\u00f6n laatu<\/strong><span>\u00a0<\/span>\u2013 ty\u00f6nj\u00e4lki ei vastaa sovittua tai alan hyv\u00e4\u00e4 tapaa.<br \/>\n<strong><\/strong><\/li>\n \t<li><strong>Aikatauluviiv\u00e4stykset<\/strong><span>\u00a0<\/span>\u2013 ty\u00f6 valmistuu my\u00f6h\u00e4ss\u00e4 ilman hyv\u00e4ksytt\u00e4v\u00e4\u00e4 syyt\u00e4.<br \/>\n<strong><\/strong><\/li>\n \t<li><strong>Lis\u00e4laskutus<\/strong><span>\u00a0<\/span>\u2013 kustannuksia on nostettu ilman ennakkosopimusta.<br \/>\n<strong><\/strong><\/li>\n \t<li><strong>Sopimusrikkomukset<\/strong><span>\u00a0<\/span>\u2013 urakoitsija ei noudata tehty\u00e4 sopimusta.<br \/>\n<strong><\/strong><\/li>\n \t<li><strong>Vastuunjaosta kiistely<\/strong><span>\u00a0<\/span>\u2013 kuka maksaa virheiden korjauksen?<\/li>\n<\/ul><\/div><a class=\"x-anchor x-anchor-button e10-e11 ma-1f ma-1g ma-1h ma-1i nappi-yksityis\" tabindex=\"0\" href=\"https:\/\/www.anko.fi\/\" target=\"_blank\" rel=\"noopener noreferrer\"><div class=\"x-anchor-content\"><div class=\"x-anchor-text\"><span class=\"x-anchor-text-primary\">Ota yhteytt\u00e4 asiantuntijaan<\/span><\/div><\/div><\/a><\/div><div class=\"x-col e10-e12 ma-t ma-v ma-w ma-x kuva\"><div class=\"x-bg\"><div class=\"x-bg-layer-lower-img\"><img decoding=\"async\" src=\"https:\/\/remonttiriita.fi\/5\/wp-content\/uploads\/2025\/08\/a-builder-sweeping-and-tidying-up-in-a-renovated-r-2025-04-03-09-29-29-utc.jpg\" alt=\"Miesremontoija pyyhkim\u00e4ss\u00e4 lattiaa harjalla\"\/><\/div><\/div><\/div><\/div><\/div><div class=\"x-row x-container max width e10-e13 ma-8 ma-b ma-d ma-e ma-f ma-g ma-l ma-n\"><div class=\"x-row-inner\"><div class=\"x-col e10-e14 ma-t\"><div class=\"x-text x-text-headline e10-e15 ma-10 ma-11 ma-13 ma-14 alaotsikko\"><div class=\"x-text-content\"><div class=\"x-text-content-text\"><h1 class=\"x-text-content-text-primary\">Miten toimia, jos remontti ei suju?<\/h1>\n<\/div><\/div><\/div><div class=\"x-text x-content e10-e16 ma-18 ma-19 ma-1a ma-1d leipa\"><ol>\n<li><strong>Dokumentoi kaikki<\/strong>&nbsp;&ndash; ota kuvat, tallenna viestit ja s&auml;ilyt&auml; sopimusasiakirjat.<\/li>\n<li><strong>Ota asia puheeksi kirjallisesti<\/strong>&nbsp;&ndash; selke&auml; ja kirjallinen reklamaatio on t&auml;rke&auml; ensimm&auml;inen askel.<\/li>\n<li><strong>Neuvottele ratkaisusta<\/strong>&nbsp;&ndash; usein erimielisyys voidaan sopia suoraan, kun molemmat osapuolet ymm&auml;rt&auml;v&auml;t tilanteen.<\/li>\n<li><strong>Hy&ouml;dynn&auml; asiantuntija-apua<\/strong> &ndash; juristi tai rakennusalan asiantuntija voi arvioida tilanteen puolueettomasti.<\/li>\n<li><strong>Tarvittaessa vie asia eteenp&auml;in<\/strong>&nbsp;&ndash; kuluttajariitalautakunta tai oikeusprosessi voi olla viimeinen keino.<\/li>\n<\/ol><\/div><\/div><div class=\"x-col e10-e17 ma-t ma-v ma-w ma-x kuva\"><div class=\"x-bg\"><div class=\"x-bg-layer-lower-img\"><img decoding=\"async\" src=\"https:\/\/remonttiriita.fi\/5\/wp-content\/uploads\/2025\/08\/woman-holding-blueprint-looking-at-camera-smiling-2025-04-04-05-05-55-utc.jpg\" alt=\"Nainen pitelem\u00e4ss\u00e4 paperirullaa ja katsomassa kameraan hymyillen\"\/><\/div><\/div><\/div><\/div><\/div><\/div><div class=\"x-section e10-e18 ma-0 ma-3 ma-4 ma-5\"><div class=\"x-row x-container max width e10-e19 ma-8 ma-9 ma-a ma-b ma-e ma-h ma-o\"><div class=\"x-row-inner\"><div class=\"x-col e10-e20 ma-t\"><div class=\"x-div e10-e21 ma-1m ma-1n kuva\"><div class=\"x-bg\"><div class=\"x-bg-layer-lower-img\"><img decoding=\"async\" src=\"https:\/\/remonttiriita.fi\/5\/wp-content\/uploads\/2025\/05\/smiling-woman-and-insurance-agent-shaking-hands-in-2024-11-18-09-49-51-utc.jpg\" alt=\"Mies ja nainen tapaamassa lakimiest\u00e4 toimistossa, nainen ja lakimies k\u00e4ttelev\u00e4t\"\/><\/div><\/div><\/div><div class=\"x-text x-text-headline e10-e22 ma-11 ma-13 ma-14 ma-15 ma-16 alaotsikko\"><div class=\"x-text-content\"><div class=\"x-text-content-text\"><h1 class=\"x-text-content-text-primary\">Miksi asiantuntija-apu kannattaa?<\/h1>\n<\/div><\/div><\/div><div class=\"x-text x-content e10-e23 ma-18 ma-19 ma-1a ma-1d leipa\"><p>Remonttiriidoissa pienetkin yksityiskohdat voivat ratkaista lopputuloksen. Meid\u00e4n teht\u00e4v\u00e4mme on:<\/p>\n\n<ul>\n \t<li>Tulkitse sopimusehtoja ja lakia sinun eduksesi<\/li>\n \t<li>Selvitt\u00e4\u00e4 vastuut ja oikeudet<\/li>\n \t<li>Neuvotella urakoitsijan kanssa puolestasi<\/li>\n \t<li>Vied\u00e4 asia eteenp\u00e4in, jos sovinto ei ole mahdollinen<\/li>\n<\/ul><\/div><\/div><div class=\"x-col e10-e24 ma-t\"><div class=\"x-div e10-e25 ma-1m ma-1o kuva\"><div class=\"x-bg\"><div class=\"x-bg-layer-lower-img\"><img decoding=\"async\" src=\"https:\/\/remonttiriita.fi\/5\/wp-content\/uploads\/2025\/05\/selective-focus-of-handsome-advisor-in-suit-discus-2024-11-18-13-19-01-utc.jpg\" alt=\"Mies ja nainen tapaamassa lakimiest\u00e4 toimistossa\"\/><\/div><\/div><\/div><div class=\"x-text x-text-headline e10-e26 ma-11 ma-13 ma-14 ma-15 ma-16 alaotsikko\"><div class=\"x-text-content\"><div class=\"x-text-content-text\"><h1 class=\"x-text-content-text-primary\">Toimi ajoissa &ndash; suojaa oikeutesi<\/h1>\n<\/div><\/div><\/div><div class=\"x-text x-content e10-e27 ma-18 ma-19 ma-1c ma-1d leipa\"><p>Mit\u00e4 aikaisemmin otat yhteytt\u00e4, sit\u00e4 helpompi on l\u00f6yt\u00e4\u00e4 ratkaisu ilman pitkittynytt\u00e4 riitaa ja lis\u00e4kuluja. \u00c4l\u00e4 j\u00e4\u00e4 yksin ongelman kanssa \u2013 asiantuntijamme ovat valmiina auttamaan.<\/p>\n<p><img decoding=\"async\" class=\"an1\" draggable=\"false\" src=\"https:\/\/fonts.gstatic.com\/s\/e\/notoemoji\/16.0\/1f4de\/32.png\" alt=\"\ud83d\udcde\" data-emoji=\"\ud83d\udcde\" aria-label=\"\ud83d\udcde\" \/>\u00a0<strong>Ota yhteytt\u00e4 jo t\u00e4n\u00e4\u00e4n<\/strong>\u00a0ja kerro tilanteestasi. Saat selke\u00e4n arvion vaihtoehdoista ja kustannuksista ennen kuin teemme mit\u00e4\u00e4n toimenpiteit\u00e4.<\/p><\/div><a class=\"x-anchor x-anchor-button e10-e28 ma-1f ma-1g ma-1h ma-1i nappi-yksityis\" tabindex=\"0\" href=\"https:\/\/www.anko.fi\/\" target=\"_blank\" rel=\"noopener noreferrer\"><div class=\"x-anchor-content\"><div class=\"x-anchor-text\"><span class=\"x-anchor-text-primary\">Ota yhteytt\u00e4 asiantuntijaan<\/span><\/div><\/div><\/a><\/div><\/div><\/div><\/div><div class=\"x-section e10-e29 ma-0 ma-2 ma-3 ma-6\"><div class=\"x-bg\"><div class=\"x-bg-layer-lower-img\" data-x-element-bg-layer=\"{&quot;parallaxSize&quot;:&quot;150%&quot;,&quot;parallaxDir&quot;:&quot;v&quot;,&quot;parallaxRev&quot;:false}\"><img decoding=\"async\" src=\"https:\/\/remonttiriita.fi\/5\/wp-content\/uploads\/2025\/05\/business-team-meeting-2025-02-10-13-53-37-utc.jpg\" alt=\"Kolme ihmist\u00e4 tekem\u00e4ss\u00e4 t\u00f6it\u00e4 p\u00f6yd\u00e4n \u00e4\u00e4ress\u00e4 toimistossa\"\/><\/div><div class=\"x-bg-layer-upper-color\" aria-hidden=\"true\"><\/div><\/div><div class=\"x-row x-container max width e10-e30 ma-8 ma-9 ma-a ma-c ma-i ma-j ma-p\"><div class=\"x-row-inner\"><div class=\"x-col e10-e31 ma-t ma-v ma-y\"><div class=\"x-text x-text-headline e10-e32 ma-11 ma-14 ma-16 ma-17 alaotsikko\"><div class=\"x-text-content\"><div class=\"x-text-content-text\"><h1 class=\"x-text-content-text-primary\">Tarvitsetko apua?<\/h1>\n<\/div><\/div><\/div><div class=\"x-text x-content e10-e33 ma-19 ma-1e ala-alaotsikko\"><p dir=\"ltr\">Ota meihin yhteytt&auml; &ndash; toimimme oikeudenmukaisuuden puolesta.<\/p><\/div><a class=\"x-anchor x-anchor-button e10-e34 ma-1f ma-1g ma-1j ma-1k nappi-valk-yksityis\" tabindex=\"0\" href=\"https:\/\/www.anko.fi\" target=\"_blank\" rel=\"noopener noreferrer\"><div class=\"x-anchor-content\"><div class=\"x-anchor-text\"><span class=\"x-anchor-text-primary\">Ota yhteytt\u00e4 asiantuntijaan<\/span><\/div><\/div><\/a><\/div><\/div><\/div><\/div><div class=\"x-section e10-e35 ma-0 ma-3 ma-4 ma-7\" id=\"meista\"><div class=\"x-row x-container max width e10-e36 ma-8 ma-9 ma-b ma-d ma-e ma-g ma-l ma-q\"><div class=\"x-row-inner\"><div class=\"x-col e10-e37 ma-t\"><div class=\"x-text x-text-headline e10-e38 ma-10 ma-11 ma-13 ma-14 alaotsikko\"><div class=\"x-text-content\"><div class=\"x-text-content-text\"><h1 class=\"x-text-content-text-primary\">Meist&auml;<\/h1>\n<\/div><\/div><\/div><div class=\"x-text x-content e10-e39 ma-18 ma-19 ma-1c ma-1d leipa\"><div class=\"elementor-element elementor-element-6e15265 elementor-widget elementor-widget-text-editor\" data-id=\"6e15265\" data-element_type=\"widget\" data-widget_type=\"text-editor.default\">\n<div class=\"elementor-widget-container\">\n<p>Remonttiriita.fi on oikeudellinen palvelu, joka tarjoaa asiantuntevaa apua tilanteisiin, joissa remontin tai rakennusurakan aikana syntyy erimielisyyksi&auml; tilaajan ja urakoitsijan v&auml;lill&auml;. Palvelu auttaa selvitt&auml;m&auml;&auml;n, mit&auml; sopimukset ja laki velvoittavat, sek&auml; arvioimaan onko kyse esimerkiksi viiv&auml;styksest&auml;, virheellisest&auml; ty&ouml;nj&auml;ljest&auml; tai laskutukseen liittyv&auml;st&auml; kiistasta.&nbsp;<\/p>\n<p>Palvelun toteutuksesta vastaa&nbsp;<a href=\"https:\/\/www.anko.fi\/\" target=\"_blank\" rel=\"noopener\" data-saferedirecturl=\"https:\/\/www.google.com\/url?q=https:\/\/www.anko.fi\/&amp;source=gmail&amp;ust=1755663964267000&amp;usg=AOvVaw3xy0KOs-QA-GzWNoUndxy7\">Anko Lakiasiaintoimisto<\/a>, ja jokaisesta asiakastapauksesta huolehtii luvan saanut oikeudenk&auml;yntiavustaja.<\/p>\n<p>Kun remonttiasiat menev&auml;t pieleen, meilt&auml; saat asiantuntevan juristin puolellesi.<\/p>\n<\/div>\n<\/div><\/div><a class=\"x-anchor x-anchor-button e10-e40 ma-1f ma-1g ma-1h ma-1i nappi-yksityis\" tabindex=\"0\" href=\"https:\/\/www.anko.fi\/\" target=\"_blank\" rel=\"noopener noreferrer\"><div class=\"x-anchor-content\"><div class=\"x-anchor-text\"><span class=\"x-anchor-text-primary\">Ota yhteytt\u00e4 asiantuntijaan<\/span><\/div><\/div><\/a><\/div><div class=\"x-col e10-e41 ma-t ma-v ma-w ma-z kuva\"><div class=\"x-bg\"><div class=\"x-bg-layer-lower-img\"><img decoding=\"async\" src=\"https:\/\/remonttiriita.fi\/5\/wp-content\/uploads\/2025\/06\/business-people-meeting-in-a-business-park-2025-03-13-12-01-17-utc.jpg\" alt=\"Kolme tyt\u00f6ntekij\u00e4\u00e4 istumassa portaikossa puvut p\u00e4\u00e4ll\u00e4\"\/><\/div><\/div><\/div><\/div><\/div><\/div><div class=\"x-section e10-e42 ma-0 ma-3 ma-4 ma-5\" id=\"yhteys\"><div class=\"x-row x-container max width e10-e43 ma-8 ma-9 ma-a ma-b ma-d ma-e ma-l ma-r\"><div class=\"x-row-inner\"><div class=\"x-col e10-e44 ma-t\"><div class=\"x-text x-text-headline e10-e45 ma-10 ma-11 ma-13 ma-14 alaotsikko\"><div class=\"x-text-content\"><div class=\"x-text-content-text\"><h1 class=\"x-text-content-text-primary\">Ota yhteytt&auml;<\/h1>\n<\/div><\/div><\/div><div class=\"x-text x-content e10-e46 ma-18 ma-19 ma-1c ma-1d leipa\"><div class=\"elementor-element elementor-element-6e15265 elementor-widget elementor-widget-text-editor\" data-id=\"6e15265\" data-element_type=\"widget\" data-widget_type=\"text-editor.default\">\n<div class=\"elementor-widget-container\">\n<p>Anko Lakiasiaintoimisto Oy<\/p>\n<\/div>\n<\/div><\/div><div class=\"x-row e10-e47 ma-8 ma-9 ma-a ma-b ma-c ma-j ma-s\"><div class=\"x-row-inner\"><div class=\"x-col e10-e48 ma-t\"><a class=\"x-anchor x-anchor-button has-graphic e10-e49 ma-1g ma-1i ma-1j ma-1l nappi-yksityis\" tabindex=\"0\" href=\"tel:tel:+358103389241\"><div class=\"x-anchor-content\"><span class=\"x-graphic\" aria-hidden=\"true\"><i class=\"x-icon x-graphic-child x-graphic-icon x-graphic-primary\" aria-hidden=\"true\" data-x-icon-s=\"&#xf095;\"><\/i><\/span><div class=\"x-anchor-text\"><span class=\"x-anchor-text-primary\">010 3389 241<\/span><\/div><\/div><\/a><\/div><div class=\"x-col e10-e50 ma-t\"><a class=\"x-anchor x-anchor-button has-graphic e10-e51 ma-1g ma-1i ma-1j ma-1l nappi-yksityis\" tabindex=\"0\" href=\"mailto:anko@anko.fi\"><div class=\"x-anchor-content\"><span class=\"x-graphic\" aria-hidden=\"true\"><i class=\"x-icon x-graphic-child x-graphic-icon x-graphic-primary\" aria-hidden=\"true\" data-x-icon-s=\"&#xf0e0;\"><\/i><\/span><div class=\"x-anchor-text\"><span class=\"x-anchor-text-primary\">anko@anko.fi<\/span><\/div><\/div><\/a><\/div><\/div><\/div><\/div><div class=\"x-col e10-e52 ma-t ma-v ma-w ma-z kuva\"><div class=\"x-bg\"><div class=\"x-bg-layer-lower-img\"><img decoding=\"async\" src=\"https:\/\/remonttiriita.fi\/5\/wp-content\/uploads\/2025\/08\/businesswoman-on-telephone-in-office-2025-04-04-12-22-56-utc.jpg\" alt=\"Nainen puhuu puhelimeen toimistossa\"\/><\/div><\/div><\/div><\/div><\/div><\/div><\/div>\n","protected":false},"excerpt":{"rendered":"<p>Miten ratkaista remontissa ilmenneet ongelmat ja erimielisyydet? Remontti on usein suuri investointi &ndash; ja samalla iso luottamuksen osoitus urakoitsijalle. Kun kaikki sujuu suunnitelmien mukaan, lopputulos on palkitseva. Mutta jos matkan varrella ilmenee viiv&auml;styksi&auml;, virheit&auml; tai kustannusten ylityksi&auml;, tilanne voi muuttua nopeasti stressaavaksi ja kalliiksi. Jotta p&auml;&auml;st&auml;&auml;n ongelmatilanteessa eteenp&auml;in, on t&auml;rke&auml;&auml; toimia ajoissa, jotta oikeutesi tulee turvattua. Lue lis&auml;&auml; aiheesta t&auml;st&auml; &#8230; <a href=\"https:\/\/remonttiriita.fi\/5\/\" class=\"more-link\">Read More<\/a><\/p>\n","protected":false},"author":1,"featured_media":0,"parent":0,"menu_order":0,"comment_status":"closed","ping_status":"closed","template":"template-blank-4.php","meta":{"footnotes":""},"categories":[11],"class_list":["post-10","page","type-page","status-publish","hentry","category-yksityis","no-post-thumbnail"],"publishpress_future_action":{"enabled":false,"date":"2026-04-26 14:31:18","action":"change-status","newStatus":"draft","terms":[],"taxonomy":"category","extraData":[]},"publishpress_future_workflow_manual_trigger":{"enabledWorkflows":[]},"_links":{"self":[{"href":"https:\/\/remonttiriita.fi\/5\/wp-json\/wp\/v2\/pages\/10","targetHints":{"allow":["GET"]}}],"collection":[{"href":"https:\/\/remonttiriita.fi\/5\/wp-json\/wp\/v2\/pages"}],"about":[{"href":"https:\/\/remonttiriita.fi\/5\/wp-json\/wp\/v2\/types\/page"}],"author":[{"embeddable":true,"href":"https:\/\/remonttiriita.fi\/5\/wp-json\/wp\/v2\/users\/1"}],"replies":[{"embeddable":true,"href":"https:\/\/remonttiriita.fi\/5\/wp-json\/wp\/v2\/comments?post=10"}],"version-history":[{"count":40,"href":"https:\/\/remonttiriita.fi\/5\/wp-json\/wp\/v2\/pages\/10\/revisions"}],"predecessor-version":[{"id":156,"href":"https:\/\/remonttiriita.fi\/5\/wp-json\/wp\/v2\/pages\/10\/revisions\/156"}],"wp:attachment":[{"href":"https:\/\/remonttiriita.fi\/5\/wp-json\/wp\/v2\/media?parent=10"}],"wp:term":[{"taxonomy":"category","embeddable":true,"href":"https:\/\/remonttiriita.fi\/5\/wp-json\/wp\/v2\/categories?post=10"}],"curies":[{"name":"wp","href":"https:\/\/api.w.org\/{rel}","templated":true}]}}